108*z - 213. Determine k(2).
3
Let x(y) = -y**3 - 8*y**2 + 41*y - 26. Give x(-12).
58
Let j(p) = p**3 - 24*p**2 + 117*p + 166. What is j(9)?
4
Let s(d) = d**3 + 7*d**2 + 33*d + 547. Calculate s(-9).
88
Let h(i) = -97*i**2 - 380*i + 26. Give h(-4).
-6
Let v(q) = 227*q + 590. Give v(-6).
-772
Let m(l) = l**3 + 18*l**2 - 20*l - 18. What is m(-19)?
1
Let i(s) = 2*s**3 - 28*s**2 + 115*s + 8. What is i(5)?
133
Let z(j) = -9*j**2 + 1253*j - 3940. What is z(136)?
4
Let a(k) = 10*k + 537. Determine a(-61).
-73
Let y(u) = -2*u**3 + 3*u**2 + 6*u - 4. What is y(5)?
-149
Let w(j) = -16*j - 179. Determine w(-13).
29
Let s(q) = -135*q + 28073. Calculate s(208).
-7
Let i(u) = -29*u**2 - 13*u + 47. Give i(3).
-253
Let y(m) = -5*m**2 - 140*m - 118. Calculate y(-21).
617
Let h(a) = a**3 - 141*a**2 - 735*a + 4. Give h(-5).
29
Let i(s) = s**3 - 57*s**2 + 389*s + 130. What is i(49)?
-17
Let i(t) = 121*t - 7357. Calculate i(61).
24
Let w(d) = -d**3 - 7*d**2 - 236*d - 670. Give w(-3).
2
Let n(j) = -5*j - 381. Determine n(-12).
-321
Let o(u) = 7*u**3 - 906*u**2 + 387*u - 2. Determine o(129).
-2
Let x(t) = 3*t**2 - 52*t + 158. What is x(13)?
-11
Let w(q) = -q**3 - 21*q**2 + 37*q - 14. Calculate w(-23).
193
Let q(y) = -y**3 - 5*y**2 + 192*y + 994. Determine q(-5).
34
Let d(c) = -495*c - 19795. What is d(-40)?
5
Let b(g) = 2*g**3 - 26*g - 34. Calculate b(-4).
-58
Let r(w) = 12*w**2 - 11*w + 134. Determine r(5).
379
Let m(j) = -j**3 - 47*j**2 + 50*j + 76. Give m(-48).
-20
Let a(p) = -247*p + 3205. What is a(13)?
-6
Let a(k) = 2*k**3 - 42*k**2 - 3*k + 18. Calculate a(21).
-45
Let r(y) = -102*y**3 - 296*y**2 + y + 2. Give r(-3).
89
Let j(l) = 358*l - 3942. Give j(11).
-4
Let k(y) = -y**2 - 228*y + 3393. Give k(14).
5
Let o(i) = 8*i - 127. Determine o(17).
9
Let a(u) = -2*u**3 + 15*u**2 + 119*u - 880. Give a(7).
2
Let n(q) = q**2 - 30*q + 111. Determine n(26).
7
Let n(j) = -2*j**3 + 7*j**2 + 4*j + 25. Calculate n(7).
-290
Let j(w) = w**3 + 21*w**2 - 6*w - 28. What is j(-21)?
98
Let v(y) = -3*y**3 + 31*y**2 - 75*y + 661. What is v(10)?
11
Let a(k) = k**2 - 103*k - 3. What is a(103)?
-3
Let v(w) = -77*w + 2146. What is v(22)?
452
Let d(g) = -g**3 - 2*g**2 + 11*g - 21. Calculate d(-5).
-1
Let i(o) = -92*o + 599. Calculate i(5).
139
Let i(l) = 3*l**2 - 43*l - 49. What is i(16)?
31
Let k(x) = 152*x - 12450. Calculate k(82).
14
Let o(u) = -2*u**3 + 119*u**2 + 314*u - 224. Give o(62).
24
Let w(u) = 2*u**3 - u**2 + 2*u - 5. Determine w(-6).
-485
Let c(a) = 4*a**3 + 3*a**2 - 3*a + 2. What is c(1)?
6
Let n(b) = b**2 - 22*b - 484. Calculate n(-14).
20
Let y(v) = 193*v - 363. What is y(2)?
23
Let k(z) = -z - 90. Give k(-86).
-4
Let c(z) = -23*z - 419. Determine c(7).
-580
Let s(d) = -131*d + 5892. Determine s(45).
-3
Let h(k) = 19*k**2 - 5*k + 5. Calculate h(1).
19
Let m(v) = 23*v**2 - 1808*v + 1095. Give m(78).
3
Let o(t) = 216*t + 1488. Determine o(-7).
-24
Let f(p) = 220*p + 35. What is f(0)?
35
Let x(o) = 90*o - 920. What is x(11)?
70
Let c(z) = 7*z**2 + 897*z + 141. Calculate c(-128).
13
Let f(r) = r**3 - r**2 - 144*r - 3. Calculate f(0).
-3
Let m(u) = -14405*u - 43229. Determine m(-3).
-14
Let q(s) = s**3 + 21*s**2 + 40*s + 43. What is q(-19)?
5
Let z(c) = -2*c**2 - 26*c - 4. Calculate z(-7).
80
Let u(h) = -4*h + 291. What is u(67)?
23
Let u(p) = p**3 - 7*p**2 + 13*p - 46. What is u(8)?
122
Let u(d) = d**2 + 172*d + 3156. Give u(-151).
-15
Let q(u) = -u**3 - 12*u**2 + 42*u + 461. Give q(-13).
84
Let h(s) = 8*s + 136. Calculate h(-18).
-8
Let x(v) = -12*v - 22. Give x(7).
-106
Let v(m) = -116*m + 1953. What is v(16)?
97
Let u(y) = -y**3 + 5*y**2 - 21*y + 60. Calculate u(5).
-45
Let c(t) = 3*t**3 - 22*t**2 + 18*t - 3. Give c(6).
-39
Let y(k) = 5*k**3 - 570*k**2 - 2*k + 253. Determine y(114).
25
Let f(y) = 6*y**3 - 4*y**2 - 6*y + 9. Give f(2).
29
Let q(s) = -s**3 + 8*s**2 - 39*s + 47. Give q(8).
-265
Let i(x) = x**3 - 30*x**2 + 28*x + 37. Calculate i(29).
8
Let d(u) = u**3 + 449*u**2 + 1758*u - 9791. Determine d(-445).
-1
Let i(b) = 135*b + 150. Determine i(2).
420
Let c(o) = -118*o - 8976. Determine c(-76).
-8
Let r(f) = -29*f - 9. Give r(6).
-183
Let g(a) = a**2 + 22*a + 22. Calculate g(-3).
-35
Let q(f) = f**3 - 36*f**2 - 46*f + 209. What is q(37)?
-124
Let q(k) = -k**2 - 23*k - 50. Calculate q(-23).
-50
Let q(h) = -4*h + 72. Calculate q(-8).
104
Let t(v) = v**3 + 22*v**2 + 17*v - 28. What is t(-21)?
56
Let z(x) = 49*x - 4640. Calculate z(95).
15
Let w(c) = -6*c**3 + 5*c. Calculate w(3).
-147
Let a(d) = d**2 + 6*d - 598. Calculate a(-28).
18
Let l(h) = h**3 + 23*h**2 + 7*h - 303. Give l(-22).
27
Let z(j) = 59*j + 485. What is z(-8)?
13
Let k(b) = 2*b**3 - 60*b**2 + b - 4. Calculate k(30).
26
Let x(b) = 3*b**3 - 3*b**2 - 13*b + 5. What is x(-2)?
-5
Let d(i) = 563*i + 1820. Determine d(-3).
131
Let c(r) = 4*r**3 + 27*r**2 - 96*r - 2. Determine c(4).
302
Let a(y) = -44*y + 955. Calculate a(18).
163
Let q(h) = 13*h**2 + 293*h + 1471. Calculate q(-15).
1
Let q(x) = -x**2 + 37*x + 6461. Calculate q(-64).
-3
Let g(x) = 7*x**2 - 177*x + 55. Calculate g(25).
5
Let z(n) = 2*n**2 - 142*n - 909. What is z(-6)?
15
Let q(y) = y**3 + 339*y**2 - 12685*y - 1121. What is q(-373)?
-2
Let s(t) = -t**2 - 13*t + 37. Determine s(-15).
7
Let h(b) = b**2 - 30*b + 52. Give h(28).
-4
Let o(s) = s**2 + 57*s - 3742. What is o(39)?
2
Let t(a) = -2*a**2 + 76*a + 330. What is t(-4)?
-6
Let f(c) = -5*c**2 + 635*c - 1075. Determine f(125).
175
Let k(v) = -v**3 + 8*v**2 + 229*v - 1855. Give k(15).
5
Let p(h) = 2*h**3 + 31*h**2 + 6*h + 47. Give p(-14).
551
Let g(n) = 265*n - 93. What is g(1)?
172
Let r(w) = -w**2 + 20*w + 19. What is r(23)?
-50
Let r(g) = g**3 + 17*g**2 + 20*g + 435. Calculate r(-17).
95
Let j(q) = -3*q**3 + 83*q**2 - 62*q + 208. Determine j(27).
-8
Let v(x) = x**3 + 34*x**2 + 286*x - 8. Determine v(-19).
-27
Let u(i) = 297*i**3 - 7*i + 7. Give u(1).
297
Let r(z) = 760*z - 30393. Determine r(40).
7
Let o(x) = x**2 - 151*x - 1272. Calculate o(-8).
0
Let g(h) = 80*h + 1317. What is g(-17)?
-43
Let u(q) = q**2 - 79*q + 1105. Calculate u(36).
-443
Let q(w) = -2*w**2 + 48*w - 229. Give q(17).
9
Let j(b) = 2*b**3 - 13*b**2 + 94*b - 223. What is j(4)?
73
Let x(q) = q**2 - 190*q + 5880. Determine x(151).
-9
Let g(k) = 7*k**2 + 9*k + 10. Calculate g(-7).
290
Let w(q) = q**3 + 32*q**2 - q + 37. Calculate w(-32).
69
Let c(w) = -71*w**2 + 51*w + 13. Give c(2).
-169
Let n(f) = 33*f**3 - 201*f**2 + 23*f - 25. Calculate n(6).
5
Let v(k) = -83*k + 1655. Give v(20).
-5
Let v(r) = r**3 + 17*r**2 + 30*r - 11. Calculate v(-3).
25
Let g(x) = -99*x**3 + 4*x**2 + x - 3. Calculate g(1).
-97
Let b(z) = -23*z + 418. Calculate b(18).
4
Let k(i) = i**2 + 40*i - 248. Determine k(-46).
28
Let v(r) = 3*r**3 + 204*r**2 - 420*r + 25. What is v(-70)?
25
Let y(z) = 11*z - 125. Determine y(18).
73
Let t(g) = 2*g**2 + 89*g - 966. Calculate t(-56).
322
Let z(v) = -2*v**2 + 105*v - 667. Calculate z(7).
-30
Let b(d) = -30*d - 59. Determine b(-7).
151
Let f(t) = 9*t - 125. Calculate f(14).
1
Let j(t) = -t**3 - 32*t**2 - 252*t + 5. What is j(-16)?
-59
Let g(d) = 745*d + 746. Give g(-1).
1
Let j(x) = x**3 + 12*x**2 + 33*x - 20. Determine j(-7).
-6
Let v(h) = h**3 - 50*h**2 - 102*h - 42. Determine v(52).
62
Let s(c) = 18371*c + 2. Determine s(0).
2
Let o(p) = 15*p + 238. Determine o(-17).
-17
Let q(i) = 155*i + 1271. What is q(-8)?
31
Let c(y) = y**3 - 10*y**2 + 12*y - 57. What is c(3)?
-84
Let w(r) = -7*r**2 + 236*r + 313. Calculate w(35).
-2
Let q(u) = 84*u + 141. What is q(4)?
477
Let l(t) = -156*t + 2293. Calculate l(13).
265
Let y(c) = -59*c**2 - 239*c - 5. What is y(-4)?
7
Let d(j) = j**2 + 10*j + 111. What is d(-10)?
111
Let v(m) = 2*m**2 - 12425*m + 49669. Give v(4).
1
Let y(t) = -5*t**3 + 235*t**2 + 2*t - 92. Give y(47).
2
Let y(q) = -q**2 - 44*q + 2. Give y(0).
2
Let d(j) = -11*j**3 - 7*j**2 + 18*j + 9. Calculate d(3).
-297
Let w(c) = -11639*c - 640145. Calculate w(-55).
0
Let w(m) = 108*m + 1374. Determine w(-11).
186
Let f(b) = -50*b**3 + 3*b**2 + 5*b + 4. Give f(-1).
52
Let f(r) = r**2 + 30*r + 61. Give f(-19).
-148
Let h(d) = 2*d**2 + 155*d - 318. What is h(2)?
0
Let s(b) = -b**3 + 18*b**2 + 23*b - 141. Give s(19).
-65
Let h(a) = -4*a**3 - 2*a**2 - 2*a + 10. Give h(-3).
106
Let f(n) = 6*n**2 + 9*n - 7. Determine f(-2).
-1
L